
Does 8 divide 41073382?
False
Is 2237275361 a multiple of 19?
False
Is 753981667 a multiple of 11337?
False
Is 1080 a factor of 992805120?
True
Is 46951432 a multiple of 38?
True
Does 2388 divide 875925564?
True
Is 9486 a factor of 2963872242?
True
Is 36139558 a multiple of 19?
True
Is 217144026 a multiple of 9?
True
Does 257 divide 23450338?
False
Is 2475 a factor of 418627636?
False
Is 118771398 a multiple of 20?
False
Is 4317898605 a multiple of 15?
True
Is 9 a factor of 91141238?
False
Is 47082403 a multiple of 38?
False
Is 106 a factor of 106987877?
False
Does 1077 divide 2614148250?
True
Is 1852 a factor of 3505278548?
True
Does 80 divide 175656480?
True
Is 441 a factor of 45572940?
True
Is 120205323 a multiple of 9?
True
Is 5792 a factor of 459824415?
False
Is 1489004531 a multiple of 263?
False
Is 3850 a factor of 436181900?
True
Is 97 a factor of 77756849?
True
Is 434 a factor of 28830186?
True
Is 5359 a factor of 2414106243?
True
Does 38 divide 186710420?
False
Is 14 a factor of 38448621?
False
Is 326 a factor of 63986501?
False
Is 12 a factor of 53702605?
False
Is 100503844 a multiple of 28?
True
Is 33256756 a multiple of 52?
True
Does 57 divide 374751991?
False
Is 77089939 a multiple of 3?
False
Is 6 a factor of 40456467?
False
Is 47 a factor of 47547409?
True
Does 1082 divide 185912486?
True
Is 162013428 even?
True
Does 1555 divide 87078847?
False
Is 22 a factor of 882274471?
False
Is 1559206287 a multiple of 93?
True
Is 1301 a factor of 340069223?
False
Is 997537760 a multiple of 40?
True
Is 71 a factor of 1569340?
False
Is 8045709 a multiple of 4211?
False
Is 260 a factor of 4448860?
True
Is 7910252 a multiple of 173?
True
Is 310648736 a multiple of 4?
True
Is 212 a factor of 179409452?
True
Does 5 divide 460004490?
True
Is 2728 a factor of 696231976?
True
Does 760 divide 3049730972?
False
Does 288 divide 780147072?
True
Is 107 a factor of 40660000?
True
Does 21 divide 205032093?
True
Is 17 a factor of 27460761?
False
Is 9368932 a multiple of 451?
False
Does 40 divide 1039997616?
False
Is 28 a factor of 22092224?
True
Does 43 divide 3913680?
False
Is 7125890 a multiple of 5?
True
Does 330 divide 104640690?
True
Is 167 a factor of 1448900350?
True
Does 13 divide 3459534?
True
Is 6734 a factor of 611332679?
False
Does 1758 divide 2562543719?
False
Is 633946397 a multiple of 766?
False
Is 156712251 a multiple of 273?
False
Does 6 divide 1255224?
True
Does 139 divide 70826040?
False
Is 1931254548 a multiple of 12?
True
Does 719 divide 91602757?
True
Is 50333181 a multiple of 632?
False
Does 3 divide 26625612?
True
Is 103540385 a multiple of 845?
True
Is 2238 a factor of 561977466?
True
Does 135 divide 4531812435?
True
Is 527 a factor of 26626524?
False
Is 9467532 a multiple of 80?
False
Does 4452 divide 1464704065?
False
Is 1695 a factor of 2141367222?
False
Is 1856 a factor of 91320768?
True
Is 243358022 a multiple of 31?
False
Is 10 a factor of 412500?
True
Is 151272746 a multiple of 224?
False
Is 61238056 a multiple of 309?
False
Does 7 divide 236629778?
True
Does 212 divide 6306576?
True
Is 304245405 a multiple of 353?
True
Is 33962 a multiple of 446?
False
Does 1079 divide 483834390?
True
Is 362 a factor of 525628344?
True
Is 3 a factor of 88161937?
False
Is 10 a factor of 31413475?
False
Does 6 divide 4524129?
False
Is 57 a factor of 40750725?
True
Does 4311 divide 6141243984?
False
Is 1584585789 a multiple of 83?
False
Is 217452708 a multiple of 198?
True
Is 65077250 a multiple of 125?
True
Is 16180176 a multiple of 16?
True
Is 33 a factor of 2060482947?
False
Is 2162 a factor of 239287515?
False
Is 6 a factor of 12779730?
True
Is 14 a factor of 535771563?
False
Is 93 a factor of 10445760?
True
Is 54 a factor of 66037496?
False
Is 100 a factor of 1209643012?
False
Is 32 a factor of 55169280?
True
Does 27 divide 103429922?
False
Is 65192085 a multiple of 215?
True
Is 245245064 a multiple of 128?
False
Is 129779676 a multiple of 117?
True
Is 82621456 even?
True
Does 13 divide 47331596?
True
Is 921 a factor of 71558937?
True
Does 264 divide 55802701?
False
Is 8600688 a multiple of 54?
True
Is 4 a factor of 15666454?
False
Is 3117284365 a multiple of 196?
False
Does 129 divide 27362576?
False
Is 9926157 a multiple of 373?
False
Is 442 a factor of 106479397?
False
Does 4 divide 213630375?
False
Is 8053607 a multiple of 179?
False
Is 378542 a multiple of 7?
False
Is 31 a factor of 739319?
True
Is 1097338896 a multiple of 72?
True
Is 1237 a factor of 79260957?
False
Does 106 divide 12634034?
True
Does 9285 divide 2130016325?
False
Does 30 divide 2374693?
False
Is 8 a factor of 26258856?
True
Is 442641827 a multiple of 446?
False
Is 165150793 a multiple of 25?
False
Is 107218770 a multiple of 666?
False
Does 865 divide 7808548?
False
Does 2260 divide 721836580?
False
Is 715779402 a multiple of 1018?
False
Is 20890675 a multiple of 25?
True
Does 407 divide 55945813?
True
Does 1528 divide 22556336?
True
Is 2014152105 a multiple of 2381?
False
Is 22 a factor of 1015267069?
False
Is 366647626 a multiple of 19?
False
Is 296544954 a multiple of 16?
False
Is 46 a factor of 55344104?
False
Does 73 divide 45121916?
False
Does 396 divide 288985697?
False
Is 29 a factor of 23448617?
True
Is 5018905881 a multiple of 24?
False
Is 533348064 a multiple of 6?
True
Is 62416648 a multiple of 14?
True
Is 38297896 a multiple of 1612?
True
Does 103 divide 1952233057?
True
Is 132 a factor of 5259408?
True
Is 6341 a factor of 2329276357?
False
Is 15 a factor of 954302?
False
Does 632 divide 451381947?
False
Is 109 a factor of 14396325?
False
Is 1138680146 a multiple of 963?
False
Is 88052284 a multiple of 131?
False
Is 4446500158 a multiple of 269?
False
Does 44 divide 34225889?
False
Is 7115487 a multiple of 578?
False
Is 22 a factor of 91270221?
False
Does 128 divide 45626368?
True
Does 28 divide 378678272?
True
Does 1674 divide 188654778?
True
Is 12770627 a multiple of 46?
False
Is 128307570 a multiple of 570?
True
Is 8 a factor of 2640120?
True
Is 34896530 a multiple of 502?
True
Is 90 a factor of 1118475726?
False
Is 90 a factor of 1669112?
False
Is 1994 a factor of 556144546?
True
Does 2722 divide 75962854?
True
Is 4 a factor of 3646313?
False
Is 41572260 a multiple of 15?
True
Is 12943 a factor of 5796043659?
True
Is 261 a factor of 4327088?
False
Is 18843388 a multiple of 58?
True
Is 14 a factor of 198858928?
False
Does 2055 divide 72426420?
True
Is 1232 a factor of 22183392?
True
Does 11 divide 364897624?
False
Does 837 divide 732878874?
True
Is 966138982 a multiple of 1386?
False
Is 3468152 a multiple of 41?
False
Is 134579460 a multiple of 3785?
True
Does 3 divide 24114945?
True
Does 5 divide 92657535?
True
Does 18 divide 362411388?
True
Does 2 divide 44271221?
False
Is 452944128 a multiple of 728?
True
Is 2857 a factor of 339425885?
True
Is 324189690 a multiple of 735?
False
Is 17 a factor of 16821151?
False
Is 2970786722 a multiple of 4836?
False
Is 132343361 a multiple of 103?
True
Is 59 a factor of 575209526?
True
Is 174 a factor of 7667832?
True
Does 91 divide 96704335?
True
Does 558 divide 34960523?
False
Is 503861129 a multiple of 12?
False
Is 161056650 a multiple of 150?
True
Does 10441 divide 1462074886?
False
Is 6 a factor of 1913706431?
False
Is 144279188 a multiple of 2771?
False
Is 62 a factor of 48941074?
False
Does 2526 divide 166962086?
False
Is 5825498694 a multiple of 134?
False
Is 282 a factor of 159247374?
True
Does 30 divide 6404599710?
True
Is 13 a factor of 258545261?
True
Does 785 divide 489613210?
False
Does 1717 divide 62239533?
True
Is 1387989123 a multiple of 12?
False
Does 70 divide 53310950?
True
Is 539 a factor of 9909748?
False
Is 144677745 a multiple of 3?
True
Is 39543680 a multiple of 110?
True
Is 815756824 a multiple of 439?
True
Does 6 divide 47988712?
False
Is 23819657 a multiple of 8?
False
Is 3026 a factor of 105343549?
False
Is 6350 a factor of 537381450?
True
Is 46095082 a multiple of 23?
True
Does 8 divide 9471975?
False
Does 96 divide 96736206?
False
Is 1723 a factor of 252915724?
True
Is 28044914 a multiple of 58?
True
Is 129195612 a multiple of 63?
True
Does 102 divide 5259120?
True
Is 234 a factor of 15738999?
False
Is 2503894316 a multiple of 7?
True
Is 4752034782 a multiple of 25?
False
Is 3